 26318 - 26313. Let i be 2/(-5) + (-54)/(-10). Suppose -a + 522 = s*p + 75, -5*p = -i*a - 435. List the prime factors of p.
89
Let l = -2119 - -3073. Suppose 5*z - 8*q + 6*q - 1209 = 0, -4*z - 5*q = -l. List the prime factors of z.
241
Let g be (-5)/(-80)*-4 + 9/4. Suppose -17*w + 12*w - g*v + 196 = 0, 3*w + 5*v = 110. List the prime factors of w.
2, 5
Let c = 64 - 59. Suppose c*y + 3*a = 401, 5*y - 397 = 4*a - 5*a. Let z = -29 + y. List the prime factors of z.
2, 5
Let p be (30/8)/((-3)/(-1884)). Suppose 6*u = p - 333. What are the prime factors of u?
337
Suppose -j = 16*t - 14*t - 9712, 0 = -2*t - 3*j + 9724. List the prime factors of t.
23, 211
Let g be -3 - 20/(-8) - (-194)/(-4). Let d = 53 + g. Suppose 5*a - 5*c = 335, 2*a - 64 = a + d*c. List the prime factors of a.
2, 17
Let b(j) = -844*j - 50. Let a be b(-5). Suppose 58*i = 64*i - a. List the prime factors of i.
5, 139
Suppose 154181 = 99*k - 464168 - 298094. List the prime factors of k.
9257
Suppose -4 = 6*m - 700. Suppose 15*h - m = 2014. What are the prime factors of h?
2, 71
Let y = -2024 + 3317. Let i = y + -416. List the prime factors of i.
877
Suppose y - 26 = -2*j, -y + 5*j + 0*j = 9. Suppose y*v - 1512 = -11*v. What are the prime factors of v?
2, 7
Let z be (8/(-20))/(3/(-30)). Suppose 1384 = z*a + 3*b + b, 2*a = 4*b + 692. What are the prime factors of a?
2, 173
Let b be ((-882)/12)/(-7)*52/(-2). Let h = b + 1919. What are the prime factors of h?
2, 823
Let a be ((-1729)/39)/((-1)/15*1). Suppose -24*y - a = -29*y. List the prime factors of y.
7, 19
Let p(f) = -7*f + 39. Let i be p(5). Suppose 9*v = i*v + 3480. What are the prime factors of v?
2, 3, 29
Let w = 8584 + -2914. What are the prime factors of w?
2, 3, 5, 7
Let b = -9445 - -16265. List the prime factors of b.
2, 5, 11, 31
Let n = -4463 - -6330. What are the prime factors of n?
1867
Let r(y) = 2*y**2 - y - 28. Let k be r(4). Let t(x) = -18*x + 661. List the prime factors of t(k).
661
Let q = 353 - 2127. Let c = q - -2695. What are the prime factors of c?
3, 307
Let c = 15465 - 8925. What are the prime factors of c?
2, 3, 5, 109
Let n(a) = -9*a + 2. Let y be n(-3). Suppose 101 = -y*u + 30*u. Let i = u + -5. What are the prime factors of i?
2, 3
Suppose 7324*i - 7307*i - 337841 = 0. What are the prime factors of i?
7, 17, 167
Let c(w) = 103*w + 7. Suppose -9 = -0*h - 3*h. Let b be c(h). Suppose -21*p + b = -17*p. What are the prime factors of p?
79
Let f(m) = -13*m + 5. Let z be f(0). Suppose 2*q + z*u + 429 = 4*q, -5*q - 5*u = -1090. What are the prime factors of q?
7, 31
List the prime factors of 361 - 5*11/(-5).
2, 3, 31
Suppose 22 - 8 = 2*g. Let r(t) = 6*t**2 - 11*t + 11. Let i(m) = -4*m**2 + 7*m - 7. Let k(b) = g*i(b) + 5*r(b). List the prime factors of k(4).
2, 7
Let c = 67781 + -37928. List the prime factors of c.
3, 31, 107
Let j(g) = -g**3 + 47*g**2 + 7*g - 549. Let c be j(47). Suppose 5*k - 2*k = -1134. Let r = c - k. What are the prime factors of r?
2, 79
Suppose -53*f + 1103427 = -1330598. List the prime factors of f.
5, 11, 167
Let z = -41 + 46. Let r be 7 + z/(15/(-3)). Suppose r = -2*g + 2*a + 42, 0 = -g + 5*a + 26. List the prime factors of g.
2
Suppose -3*d = -19*v + 17*v - 483, -2*d + 478 = -2*v. Let b(y) = 18*y**2 + 12*y. Let f be b(-5). Let o = v + f. What are the prime factors of o?
2, 3, 13
Let p(a) = -9*a + 4. Let w be p(6). Let s = -44 - w. List the prime factors of (1 - -2)/(s/86).
43
Suppose 11*v + 1238 = 33875. Suppose -17*h = 6*h - v. List the prime factors of h.
3, 43
Let r(d) = -16*d - 27. Let w be r(-6). Let m = 28 - 13. Suppose w + m = 3*c. What are the prime factors of c?
2, 7
Suppose -16 = 4*i + 4, k - 692 = -4*i. Let y = k + -10. List the prime factors of y.
2, 3, 13
Let l = -813 + 1533. Suppose l = -7*a + 2463. List the prime factors of a.
3, 83
Let o(m) = 617*m + 9. Let v be o(-1). Let w = 725 + v. List the prime factors of w.
3, 13
Let z = 13 + 2. Let n(q) = 17*q**2 + 4*q**3 + 5*q**3 + 4*q**3 - 13*q**3 - q**3 - 19 - 17*q. List the prime factors of n(z).
2, 11
Let s = -29 - -25. Let g be s/10 + (-9528)/(-20). Suppose 6*a - 76 - g = 0. What are the prime factors of a?
2, 23
Let k(y) = -40*y - 804. List the prime factors of k(-59).
2, 389
Suppose -u = -5*y - 85, 94 = u + y + 3*y. Suppose 5*t = v - 52 - u, 4*t = 5*v - 752. What are the prime factors of v?
2, 19
Suppose 9*p - 25 = -2*r + 6*p, 0 = -2*r + 3*p - 5. Let j be (32/6 - r)*6. Suppose -j*w = -3*h - 192, w - 79 - 17 = -5*h. What are the prime factors of w?
2, 3
Let l = 18895 + -11261. List the prime factors of l.
2, 11, 347
Let m = -6563 - -30348. List the prime factors of m.
5, 67, 71
Suppose -26079 - 2144 = -13*z. What are the prime factors of z?
13, 167
Let p be 61 - 4/20*25. Suppose 52*k - p*k + 2600 = 0. What are the prime factors of k?
2, 5, 13
Let q be (6 + (-56)/8)/(2 + -1). Let r be (4/6)/((3/423)/q). Let g = 155 - r. List the prime factors of g.
3, 83
Let u be (-12)/21 - ((-60420)/(-28))/(-5). Let v = u + -83. What are the prime factors of v?
2, 3, 29
Let j(s) = s**3 - 3*s**2 - 5*s + 10. Let r = -16 - -21. Let b be j(r). Suppose 233 = 6*u + b. List the prime factors of u.
3, 11
Let g(a) = -3*a + 58. Let l be g(15). Let d(v) = v**3 - 15*v**2 + 24*v + 30. Let k be d(l). Let n = 26 + k. List the prime factors of n.
2, 3, 5
Suppose -2*s - 3*i = -26530, -4*s + 4*i = -921 - 52119. What are the prime factors of s?
2, 19, 349
List the prime factors of -4 - (-26)/6 - (-41140)/6.
6857
Let a(p) = 219*p - 97*p - 108*p + 95 + p**2. List the prime factors of a(-12).
71
List the prime factors of ((-17324)/(-24) - 4)*14 + (-1)/(-3).
2, 3, 5, 67
What are the prime factors of (-1 - 0)*(-133)/19 - -5877?
2, 1471
Let h = -58005 - -156970. List the prime factors of h.
5, 19793
Let o be 2/6 + (69/9 - 3). Suppose 1077 = o*a - 223. List the prime factors of a.
2, 5, 13
Suppose 553*q - 143156 = 527*q. What are the prime factors of q?
2, 2753
Let f = 53032 + 105. What are the prime factors of f?
7, 7591
Let c(i) = -i**3 + 4*i**2 + 5*i + 3. Let m be c(5). Suppose 2*q - 3*p + 14 = -2*q, -3*q - m*p = 0. List the prime factors of 4 + (-608)/(-4) + q.
2, 7, 11
Suppose -2*a - 12 = 0, 76547 = 5*k + 15*a - 17*a. What are the prime factors of k?
15307
Suppose -3*q + 24 = 5*g, q + q + 6 = 4*g. Let b be ((-8)/(-6))/((-19)/q - -6). What are the prime factors of -18*(-3 + b/(8/3))?
3
What are the prime factors of (-15 + 16 + -6)/(2/(-3818))?
5, 23, 83
Let a(k) = 59*k + 79. Let i be a(12). Suppose 4*p - 7*m = -2*m + i, -196 = -p + m. List the prime factors of p.
193
Suppose 23*q - 29*q + 128541 = 5*t, -3*q = -2*t - 64257. List the prime factors of q.
31, 691
Let m = -25 + 36. Suppose -m*l = -16*l + 10. Suppose -l*v - 214 = -3*v. List the prime factors of v.
2, 107
Let u(i) = 814*i**3 - 181*i**2 + 690*i + 17. List the prime factors of u(4).
51977
Let j = -19318 + 38984. What are the prime factors of j?
2, 9833
Let b(s) = 3*s**2 - 31*s - 128. Let m be b(25). Let u = -515 + m. List the prime factors of u.
457
Let d be (28 - 28) + 2*46. Suppose d = 7*g - 3807. List the prime factors of g.
557
Let b = -233 - -326. Suppose 3*p + 0*p = 0. Suppose -4*o + o + b = p. List the prime factors of o.
31
Suppose 20 = 2*x + 2*v, -3*x + 2*v + 2*v = 5. Suppose 2*p - 2176 = -x*j, -7 = -p - 4. List the prime factors of j.
2, 7, 31
Let v = -91 + 93. Suppose -2*q - 758 = -2*x, 3*x - v*q - 88 - 1047 = 0. Suppose -14*z + z + x = 0. What are the prime factors of z?
29
Let v be (3 - 777/(-4))*4. Let u = 1425 - v. What are the prime factors of u?
2, 3, 53
Let i(u) = -u**3 + u**2 + 7*u - 6. Suppose -y = -3*k + 14, 0*y + k = y + 4. Let z be -4 - (4 + -3)*y. List the prime factors of i(z).
109
Let o = 21619 - 13302. What are the prime factors of o?
8317
Suppose 194*h + 8*h = 4723164. List the prime factors of h.
2, 3, 433
Let q = -2307 - -6617. What are the prime factors of q?
2, 5, 431
Let s = -136 - -252. Suppose 5*r + 5*o = -220, -8*r + 12*r + o + 176 = 0. Let d = s + r. List the prime factors of d.
2, 3
Suppose -736167 + 220119 = -78*r. What are the prime factors of r?
2, 827
Let k(c) = 4449*c - 3516. What are the prime factors of k(6)?
2, 3, 3863
Let r(l) = 116*l + 118. Let c be r(6). Suppose -3*y + y - c = -2*g, 397 = g - 3*y. List the prime factors of g.
2, 103
Let t be 1/(1155/